{"id":1336,"date":"2012-06-02T16:46:19","date_gmt":"2012-06-02T14:46:19","guid":{"rendered":"http:\/\/strubbelmiez.de\/?page_id=1336"},"modified":"2012-06-09T18:25:54","modified_gmt":"2012-06-09T16:25:54","slug":"wir-uben-frauen-weltwunder","status":"publish","type":"page","link":"http:\/\/strubbelmiez.de\/index.php\/therapie-eckchen\/wir-uben-frauen-weltwunder\/","title":{"rendered":"Wir \u00fcben &#8222;Frauen &#8211; Weltwunder&#8220;"},"content":{"rendered":"<p>So, M\u00e4dels unter den Lesern\u2026 ich habe mal die spontan gefundenen 7 Weibchenwunder zu pr\u00e4sentieren. Praktisch P\u00fcppi-Alarm im Net. <\/p>\n<p>1. Verschiedene Hersteller von Kosmetika und W\u00e4schepflegemitteln werben wie die Irren um Fans und deren Daten. F\u00fcr einen albernen Coupon f\u00fcr, sagen wir mal 1-2 \u20ac \u201eErsparnis\u201c, werden freudig Datenmasken ausgef\u00fcllt. Und jetzt tadaaa, die tats\u00e4chliche Ersparnis\u2026keine. Warum? F\u00fcr den Kauf von zwei Produkten des Herstellers, welches meist die Bedingung f\u00fcr die Einl\u00f6sung des Gutscheins steht, legt man halt so seine 5-7 Euro hin, nix mit 3\u20ac-Produkt \u2013 2\u20ac =1 \u20ac. Aber etlichen tausend M\u00e4dels \u201egef\u00e4llt das\u201c beispielsweise auf dem gro\u00dfen sozialen Netzwerk. Das freut mich ungemein, dann kurbeln diese trotzdem die Wirtschaft an. Ein bisschen Bauchkrabbeln habe ich allerdings schon, wenn diese auch so bei Kindern und Sozialleistungen rechnen.<\/p>\n<p>2. M\u00e4dels dr\u00f6hnen und f\u00f6nen wie verr\u00fcckt ihre Haare. Sie drehen oder sie gl\u00e4tten sie so gut wie t\u00e4glich. Dass es dem Haar bei einem solchen Ma\u00dfe arg schadet, d\u00fcrfte klar sein, aber Eitelkeit geht vor. Solche Probleme m\u00fcssen im Net nat\u00fcrlich dringend diskutiert werden. Nun wirbt nicht nur eine Firma mit recht preisintensiven Super-Pflegemitteln gegen die Sch\u00e4den vom vielen F\u00f6hnen, Gl\u00e4tten oder Sonstigem. Laut einem Werbespot hei\u00dft es sogar sinngem\u00e4\u00df, die Haare w\u00fcrden dann ges\u00fcnder aussehen. Na wenigstens das. Wir rechnen mal ein bisschen: Ger\u00e4t (welches auch immer \u2013 so 20-30\u20ac) + Strom + das Super-Mittelchen\u2026hui\u2026und hoffentlich bald ein = f\u00fcr eine Perr\u00fccke \ud83d\ude1b<\/p>\n<p>3. In Flohm\u00e4rkten kommt man selten vor Lachen in den Schlaf. Man \u201ew\u00e4chst\u201c ja durch recht h\u00e4ufigen Genuss von Leckereien, durch Schwangerschaft oder Beides recht fix aus seinen Klamotten heraus oder \u201e\u00fcberguckt\u201c sich einfach nach einiger Zeit daran. Vieles landet also permanent im Stapel unten und muss dann auch mal raus. Was bietet sich an? Richtig, der Flohmarkt. Gegen ein paar Eur\u00f6nchen (teilweise fast zu Neupreisen wie im Handel) werden die Sachen normalerweise f\u00fcr kleines Geld verkauft oder gegen anderes Brauchbares eingetauscht. Auff\u00e4llig und am\u00fcsant ist, dass viele Mini-R\u00f6ckchen\u201cverk\u00e4uferinnen\u201c schwanger sind. Weiterhin vernimmt man st\u00e4ndige Klagen des Geldmangels. Daf\u00fcr werden fast ganze Kleiderschr\u00e4nke entr\u00fcmpelt und es entsteht fast die Vermutung des gewerblichen Verkaufs, jedenfalls bei einigen Vertreterinnen. Als \u201eZuschauer\u201c des ganzen Spiels ist es wahrlich ein Genuss, zuzusehen, wie sich ein P\u00fcppchen vom anderen \u00fcber den Tisch ziehen l\u00e4sst. Unter dem Strich h\u00e4tte man wohl glatt im Handel kaufen k\u00f6nnen. Mein gelegentliches Hinterfragen, ob man sich sicher w\u00e4re, ob das gebrauchte St\u00fcckchen mit Neupreisen oder gar dr\u00fcber nicht ein Schreibfehler ist, l\u00e4sst gef\u00fchlte 20 Zicklein zusammenlaufen. Ich lehne mich dann lachend zur\u00fcck und w\u00fcnsche mir oft Popcorn zur Hand. Die M\u00e4dels k\u00f6nnen sich auch prima den ganzen Tag damit besch\u00e4ftigen, wenn man mal die angesammelten Meldungen sieht und dann mal beim P\u00e4uschen nachverfolgt, ob ein f\u00fcr sich brauchbares Sch\u00e4tzchen dabei ist oder das selbst angebotene Teilchen auf Interesse st\u00f6\u00dft. Liebe Herrschaften: wenn Ihr st\u00e4ndig Eure Ruhe vor dem Weibchen haben m\u00f6chtet, sie aber noch f\u00fcr das eine oder andere im Haushalt behalten wollt, zeigt Euren Damenschaften einfach die Flohmarkt-Portale. Zu empfehlen sind allerdings getrennte Konten \ud83d\ude09<\/p>\n<p>4. Die Romantikkeule zieht die meisten M\u00e4dels wie Motten an. Auf den gro\u00dfen sozialen Netzwerken gibt es dann Bildchen und blumige Spr\u00fcche, die (Achtung\u2026wahnsinnig modernes Wort \u201egelikt\u201c) werden. In virtuellen Diskussionen erwischt man einige Selbe (oftmals liest man Namen so oft, dass man sich die schon merken kann, ohne die Person zu kennen), wie sie dann t\u00f6nen, auf solch seichte Spr\u00fcche von M\u00e4nnern ge\u00e4u\u00dfert, \u00fcberhaupt nicht anzuspringen. Man \u00e4h Frau liest also lieber die irgendwo generierten Dinger, aber mag sie nie vom eigenen Partner wahrnehmen, der vielleicht selbst etwas verfasst?<\/p>\n<p>5. F\u00fcr W\u00fcnsche, deren Erf\u00fcllung man sich \u201eerklicken\u201c kann, gibt es ziemlich viele Damenschaften, die wahrscheinlich auch ihre Gro\u00dfmutter daf\u00fcr verkaufen w\u00fcrden, auch wenn sie es nie zugeben. F\u00fcr ein schnuckeliges Schmuckst\u00fcck oder ein Ger\u00e4tchen wird geworben wie verr\u00fcckt. Bislang habe ich nur selten m\u00e4nnliche Wesen hierbei erwischt, allerdings waren diese die Verlinkungsvertretung, wenn Frauchen gerade unp\u00e4sslich ist\/ war. Vorbei ist wohl die Zeit, in der man einfach mal einen Wunsch \u00e4u\u00dfert, ob bei Freunden oder Familie. Heute l\u00e4sst man ihn erklicken. Wenn man sich aber ketzerisch verh\u00e4lt und mit einem Zwinkern erkl\u00e4rt, dass man die Benutzergruppen beim Posten bitte eingrenzt, um beim gro\u00dfen sozialen Netzwerk keine Werbepinnwand zu haben. Schnell ist es vorbei, *zack*! Das nenne ich doch \u201ewahre\u201c Freundschaft unter M\u00e4dels. Da beneide ich sogar mal die Herrschaften um deren Einfachheit. Losziehen, Bier trinken, fertig. Kann man sich das Bier eigentlich schon \u201eerklicken\u201c? Ja, ich w\u00fcsste sogar, wo \ud83d\ude09<\/p>\n<p>6. Therapeuten sind teuer und haben wahnsinnig langfristige Termine. Was bietet sich f\u00fcr die st\u00e4ndige N\u00f6rgelei besser an als die Pinnwand der vielen sozialen Netzwerke? Montag: <em>\u201eDer Himmel ist nur noch grau und ich f\u00fchle mich schlecht und die Welt ist ungerecht!\u201c<\/em> Am Dienstag ist der Himmel wiederum viel zu blau und die Sonne hat sich falsch geschminkt. Was am Mittwoch wom\u00f6glich erscheint, \u00fcberlasse ich Eurer Phantasie. K\u00f6nnte man diverse Buttons und Funktionen umbenennen, st\u00fcnde bei mir <em>\u201eBefindlichkeiten von XY ausblenden&#8220;<\/em> und automatische Antwort wie (Auswahlleiste) <em>\u201eGeh zum Doc!\u201c<\/em>etc. Was bleibt aber? Richtig: fix \u201eoffline\u201c gehen und das Telefon am besten herausziehen.<\/p>\n<p>7. Problem-TV-Sendungen sind der Kn\u00fcller: Irgendwo in XY-Hausen hat die jungsche Trine nur noch Zoff mit ihrem ebenso jungen Lover. Gelegentlich sind diese Lover entweder der Vater oder es mussten noch andere Prinzen f\u00fcr Vaterschaftstests herhalten. Weil der jungsche Lover nun auch leider nicht im Haushalt hilft, ist der Alarm im Hause des Chaos-P\u00e4rchens gro\u00df. Im Net laufen dann gelegentlich lustige Diskussionen dar\u00fcber, wenn irgendwelche Ank\u00fcndigungen mit Kurzbeschreibung der x-ten Folge erscheinen. <em>\u201eVoll krass der Alde!\u201c<\/em> (hey \u2026soviel Wortschatz\u2026), die N\u00e4chste schreibt in Gro\u00dfbuchstaben <em>\u201eAlles Fake!\u201c<\/em> (Gl\u00fcckwunsch zur Erkenntnis, mein M\u00e4dchen\u2026). Die erste Kommentarschreiberin stimmt in diesen Gesang ein, dass man das alles gar nicht glauben kann. Aha, also war also pl\u00f6tzlich nur die Rolle, die der sch\u00f6ne J\u00fcngling da spielte <em>\u201evoll krass!\u201c<\/em> ? Selbes kann man auch bei Casting-Shows mit dem (warum auch immer) beliebten \u201ePop-Titan\u201c beobachten. Die ersten Folgen schaue ich mir auch gern an. Die gelegentlich eingeblendeten Effekte, die vielen Gesichtsf\u00fcnfen (sch\u00f6ner als in manchen TV-Spots), schiefe T\u00f6ne und \u201ek\u00fcnstlerische Darbietungen\u201c sind einfach herrlich, ob nun gestellt oder nicht. <\/p>\n<p>M\u00e4dels k\u00f6nnen in der virtuellen Welt also wahrlich \u00fcberfordert sein. Sch\u00f6nheits- und Waschmittelcoupons, Haare verbrennen und dann teures Zeugs f\u00fcrs \u201eWiedergutmachen\u201c, Flohmarkt-Hopping in Vollzeit und Minir\u00f6cke gegen 5-er Packs Strampler eintauschen (wie das passieren konnte, wissen wahrscheinlich immer noch nur wenige). Die Romantik (aber bitte nur mit Schn\u00f6rkelbild aus dem Net!). Wunscherf\u00fcllung erklicken mithilfe von gro\u00dfen Freundeslisten und wenig lukrative \u201eFreunde\u201c fix raus. Therapeutisch n\u00fctzliche Pinnw\u00e4nde sind wahrscheinlich auch noch nicht alles. Frau sein ist schwer, oder? \ud83d\ude09 <\/p>\n<p>Nun zum 8. und eigenen Wunder: Hier k\u00f6nnte der Titel: <em>\u201eZollstock, Katalog und \u201eZiggi danach\u201c<\/em> hei\u00dfen. Es schreit st\u00e4ndig nach Ver\u00e4nderungen. Hier m\u00fcssen neue Farben her, da ist zu wenig Platz und da ist noch was frei, aber das \u00fcbrig gebliebene Zeug passt wiederum nicht hinein. Mit  Bleistift hinterm Ohr, Klemmbrett f\u00fcr Notizen und ein Wohnungsplanungsprogramm offen geht es also frisch ans Werk. Besser sollte es hei\u00dfen: Es sollte ans Werk gehen. Ich messe die Gardinen aus und gucke in ein Versandhaus, was sich Feines an blickdichten Gardinen f\u00fcr meine abgetrennte Fl\u00e4che findet. Ich schweife ab und finde noch ein paar tolle Teilchen f\u00fcr den Kleiderschrank. Schnell weg damit, ich muss sparen und die H\u00fctte geht vor, au\u00dferdem verhalten sich Klamotten wie Reis. Es quillt nach, auch wenn man ganz sch\u00f6n ausged\u00fcnnt hat, vermeintlich, versteht sich. Weiter zu den Wohntextilien: Gr\u00fcn und Violett sind gerade bei mir der Kn\u00fcller von \u201eFarbkonzept\u201c f\u00fcr meine Schnarcheria. Habe ich entdeckt, als ich mir sponten Bettw\u00e4sche mit denselben Farben kaufte. Nun sollte also dezent violette \u201eFensterbetuchung\u201c und blickdichte Abgrenzung zwischen Bett und Schrankreihe (mein Ankleidek\u00e4mmerchen *h\u00fcstel*) ran. Die Versandhauswebseite blendet mir immer wieder \u201ezuletzt gesehene Artikel\u201c ein. <em>\u201eEinen fixen Blick nach einem luftig schicken Sommerteilchen\u201c<\/em>\u2026. Nein, ich muss stark bleiben, der Warenkorb sagt um die 50 \u20ac an! Die Preise f\u00fcr meine favorisierten Gardinen mit den wohl passenden Ma\u00dfen sind f\u00fcr meinen Geldbeutel ung\u00fcnstig, wenn auch an sich nicht teuer. Ich klicke das Fenster schnell weg <em>\u201eirgendwann ist besser, wer wei\u00df? Aber andererseits\u2026\u201c<\/em> Ich hole die Versandhaus-Seite doch wieder aus dem Papierkorb des Browsers. <em>*Puh, der Warenkorb ist noch, wie ich ihn  verlassen habe, also brauche ich nicht alles neu zusammensuchen.\u201c<\/em> Aber es zwickt und dennoch messe ich am anderen Fenster noch herum. Einige Warenkorbpositionen werden gel\u00f6scht, ge\u00e4ndert und ich stehe wieder vor der Option \u201eZur Kasse\u201c. Ja, die reale Kasse l\u00e4sst es nicht zu, Fensterchen wieder weg. Nach etlichem Hin und Her gehe ich in die K\u00fcche und rauche die Zigarette \u201edanach\u201c. Ich erstelle dennoch die Liste mit Ma\u00dfen und Notizen, schiebe M\u00f6bel im Programm umher, lege den Zollstock weg und rauche zuviel. Die Bestellung ging jedenfalls nicht zum Versandhaus. Wenigstens da habe ich den inneren Schweinehund besiegt. Irgendwann ist ja wieder Weihnachten, Geburtstag\u2026vielleicht sogar Lottogewinn (achnee, ich spiele ja nicht\u2026!). Diese Konsequenz *hust* muss man mir erstmal nachmachen, oder? \ud83d\ude09<\/p>\n<div id=\"wp_fb_like_button\" style=\"margin:5px 0;float:none;height:100px;\"><script src=\"http:\/\/connect.facebook.net\/en_US\/all.js#xfbml=1\"><\/script><fb:like href=\"http:\/\/strubbelmiez.de\/index.php\/therapie-eckchen\/wir-uben-frauen-weltwunder\/\" send=\"true\" layout=\"standard\" width=\"450\" show_faces=\"true\" font=\"arial\" action=\"like\" colorscheme=\"light\"><\/fb:like><\/div>","protected":false},"excerpt":{"rendered":"<p>So, M\u00e4dels unter den Lesern\u2026 ich habe mal die spontan gefundenen 7 Weibchenwunder zu pr\u00e4sentieren. Praktisch P\u00fcppi-Alarm im Net. 1. Verschiedene Hersteller von Kosmetika und W\u00e4schepflegemitteln werben wie die Irren um Fans und deren Daten. F\u00fcr einen albernen Coupon f\u00fcr, sagen wir mal 1-2 \u20ac \u201eErsparnis\u201c, werden freudig Datenmasken ausgef\u00fcllt. Und jetzt tadaaa, die tats\u00e4chliche &hellip; <a href=\"http:\/\/strubbelmiez.de\/index.php\/therapie-eckchen\/wir-uben-frauen-weltwunder\/\" class=\"more-link\"><span class=\"screen-reader-text\">Wir \u00fcben &#8222;Frauen &#8211; Weltwunder&#8220;<\/span> weiterlesen <span class=\"meta-nav\">&rarr;<\/span><\/a><\/p>\n","protected":false},"author":1,"featured_media":0,"parent":354,"menu_order":6,"comment_status":"open","ping_status":"open","template":"","meta":{"jetpack_post_was_ever_published":false,"footnotes":""},"class_list":["post-1336","page","type-page","status-publish","hentry"],"jetpack_sharing_enabled":true,"jetpack_shortlink":"https:\/\/wp.me\/P2ijNL-ly","jetpack-related-posts":[],"_links":{"self":[{"href":"http:\/\/strubbelmiez.de\/index.php\/wp-json\/wp\/v2\/pages\/1336","targetHints":{"allow":["GET"]}}],"collection":[{"href":"http:\/\/strubbelmiez.de\/index.php\/wp-json\/wp\/v2\/pages"}],"about":[{"href":"http:\/\/strubbelmiez.de\/index.php\/wp-json\/wp\/v2\/types\/page"}],"author":[{"embeddable":true,"href":"http:\/\/strubbelmiez.de\/index.php\/wp-json\/wp\/v2\/users\/1"}],"replies":[{"embeddable":true,"href":"http:\/\/strubbelmiez.de\/index.php\/wp-json\/wp\/v2\/comments?post=1336"}],"version-history":[{"count":11,"href":"http:\/\/strubbelmiez.de\/index.php\/wp-json\/wp\/v2\/pages\/1336\/revisions"}],"predecessor-version":[{"id":1358,"href":"http:\/\/strubbelmiez.de\/index.php\/wp-json\/wp\/v2\/pages\/1336\/revisions\/1358"}],"up":[{"embeddable":true,"href":"http:\/\/strubbelmiez.de\/index.php\/wp-json\/wp\/v2\/pages\/354"}],"wp:attachment":[{"href":"http:\/\/strubbelmiez.de\/index.php\/wp-json\/wp\/v2\/media?parent=1336"}],"curies":[{"name":"wp","href":"https:\/\/api.w.org\/{rel}","templated":true}]}}