{"id":3053,"date":"2015-05-12T16:40:03","date_gmt":"2015-05-12T14:40:03","guid":{"rendered":"http:\/\/strubbelmiez.de\/?page_id=3053"},"modified":"2015-05-12T16:40:03","modified_gmt":"2015-05-12T14:40:03","slug":"wohin-mit-bueromaterialien","status":"publish","type":"page","link":"http:\/\/strubbelmiez.de\/index.php\/ordnung-ist-das-halbe-leben-aber-es-kann-weniger-brauchen\/wohin-mit-bueromaterialien\/","title":{"rendered":"Wohin mit B\u00fcromaterialien?"},"content":{"rendered":"<p>B\u00fcro- und Schulkram: Ohje, ich erinnere mich an die Zwangsaufr\u00e4umorgien, weil der Herr Vater alles mit seinem Unterarm vom Tisch oder Regalbrettern \u201efegte\u201c. Welches System das Beste f\u00fcr Kleinkram, Ablage und Aufbewahrung ist, kommt sehr darauf an, wie gro\u00df das Chaos ist. Wer der Meinung ist, sich \u201earm rechnen\u201c zu m\u00fcssen, kauft sich nat\u00fcrlich teure Systeme f\u00fcr Schr\u00e4nke, Tische, Regale und Schubladen. Wer nur ein kleines Budget hat und nicht unbedingt pr\u00e4sentieren muss, kann gern improvisieren. Es gibt schon preiswerte Schubladeneinteilungen, die sich sogar mit einer anderen und teureren Marke wie z.B. \u201eCurver\u201c verbinden l\u00e4sst. <\/p>\n<p>\u2022 Stifte aller Art sehen in einem K\u00f6cher zwar recht dekorativ aus, aber es sammelt sich an, daher sind auch hier Schubladensysteme ein Gewinn. An einer Schrankt\u00fcr habe ich an der Innenseite weitere Teile des Fotowandbehangs (ein Teil davon h\u00e4ngt ja am Kleiderschrank innen)  befestigt, in dem Lineale, Bleistifte, Kulis und andere Materialien untergebracht sind. Ich habe mir zwei B\u00f6llerbatterien mitgenommen, als sie \u00fcber Nacht abgek\u00fchlt waren und die wird mit Silberlack bespr\u00fcht und hossa, fertsch ist der Stifte- und\/ oder Pinselhalter. B\u00fcroklammern lassen sich in einem magnetischen Beh\u00e4lter auch h\u00fcbsch aufbewahren und ja, es gibt schon verr\u00fcckte Accessoires f\u00fcr den Schreibtisch, auch in verschiedenen Preisklassen. Wer kreativ ist, bastelt sich sein Unikat. F\u00fcr sehr viel Kleinkram haben sich bei mir kleine Marmeladenp\u00f6ttchen bew\u00e4hrt. Ich hatte Besuch und wollte nicht etliche gr\u00f6\u00dfere Gl\u00e4ser Marmelade kaufen, also boten sich die kleinen Portionen mit verschiedenen Sorten an. Wenn man sie nicht gerade f\u00fcrs Schmuckk\u00e4stchen gebrauchen kann, dann n\u00fctzen sie f\u00fcr B\u00fcroklammern und anderes, wenn man keine anderen Beh\u00e4ltnisse kaufen m\u00f6chte. Und kleine Butterbecherchen sind noch feinere Einteilungen, beispielsweise f\u00fcr gr\u00f6\u00dfere B\u00fcroklammern und andere Klemmen. Was an Becherchen \u00fcbrig ist, habe ich als kleine Mischp\u00f6ttchen f\u00fcr meine Malereien beiseite gepackt, aber dazu komme ich sp\u00e4ter.<\/p>\n<p>\u2022 Putzzeug f\u00fcr Monitor etc. sind ebenfalls in einem kleinen Teil des Wandbehangs. Schnell sind die Microsoftt\u00fccher gez\u00fcckt und der jeweilige Bildschirm abgewischt und es ist gesch\u00fctzt. Gut sichtbar und schnell gegriffen spart es Zeit. <\/p>\n<p>Ordnung bei Ordnern, welch passende Worte, gelle?<br \/>\n\u2022 Da ich beruflich bedingt und auch privat viele Ordner habe, musste nat\u00fcrlich ein System her, mit Farben nat\u00fcrlich, so ist die Orientierung einfach leichter. Bestens geeignet sind die Ampelfarben, denn davon gibt\u2019s allerhand wie Ordner, Hefter etc. Eine Kategorie ist also Rot f\u00fcr Beh\u00f6rden, Wohnung etc. Meine Ausbildungs- und Schulungsordner sind gelb und Hobbyordner gr\u00fcn. Klasse sehen nat\u00fcrlich Ordnerr\u00fcckensticker aus, die in Reihe ein Motiv ergeben oder auch einzeln f\u00fcr sich wirken. Nat\u00fcrlich kann man sie auch kaufen, es gibt schon schicke Ordnerkleber. Aber man m\u00fcsste st\u00e4ndig neu kleben und ordnen, das ist leider der Nachteil und sie l\u00f6sen sich schnell abrollend. Selbst erstellte Ordnerr\u00fccken sehen ebenfalls ordentlicher aus.<\/p>\n<p>\u2022 Da ich nicht so wie im Handel riesig Kundschaft hatte, reichten Hefter und erledigte \u201eF\u00e4lle\u201c wurden in die Ordner weggeheftet. Wer einen ordentlich gro\u00dfen Kundenstamm hat, wird nat\u00fcrlich andere System wie z. B. Ordner und H\u00e4ngeregistratur nutzen. Vorsortierte Papiere sind schnell eingeheftet und was zur \u201eWiedervorlage\u201c muss, bleibt sichtbar \u201ezwischengelagert\u201c. Erledigte Rechnungen und andere abgeschlossene Vorg\u00e4nge kommen also in ein Fach eines Schubladencontainers f\u00fcr das Format A4. Ausstehende Rechnungen und Zahlungseing\u00e4nge wie Bescheide bekommen ein weiteres Fach, Vorgedruckte Etiketten f\u00fcr Postausgang ein weiteres Fach und so weiter. Einmal die Woche schnelle Zwischenablage in einen Ordner mit Trennbl\u00e4ttern und Trennstreifen ist schnell zur Hand, wenn man die letzten Papiere schnell braucht und in der Zwischenzeit k\u00f6nnen andere Order ausgemistet werden, je nach Aufbewahrungsfrist. Am Jahresende ist Platz f\u00fcr die n\u00e4chste Ablage. <\/p>\n<p>\u2022 F\u00fcrs Postleitzahlenbuch (jaja ich habe noch eins) und Visitenkartenheftchen etc. habe ich einen sch\u00f6n breiten Stehsammler. Wer solchen Humor wie ich hat, kann auch \u201eecht gute Wurst\u201c nehmen. Nein, im Ernst: Es ist eine Pappverpackung, in dem Wurstpackungen im K\u00fchlregal pr\u00e4sentiert werden, die sehen n\u00e4mlich aus wie sehr breite Stehsammler. Warum die Form nicht gleich nutzen und das kostenlos? Schick beklebt, ist es doch der fast kostenlose Hingucker. Kleine Briefhalter eignen sich auch prima f\u00fcr Stundenpl\u00e4ne und Aushangkarten, wenn man in Superm\u00e4rkten etwas inserieren m\u00f6chte. Briefpapier, Umschl\u00e4ge und etliche Etiketten und Marken sind in einem Schubladencontainer schnell sortiert und gefunden. F\u00fcr Schablonen und Effektstifte sind kleine Schubladencontainer auch ein prima Ordnungsmittel.<\/p>\n<p>\u2022 Wer nicht wie ich einen Kleiderschrank als B\u00fcro nutzt, wird sicher Schreibtische in allen m\u00f6glichen Variationen stehen haben. Leider kommt schnell Unordnung und auch Staub auch. Im Schrank passiert das Gleiche, ganz klar. In den Zwischenw\u00e4nden sind Kabelsch\u00e4chte gebohrt und es ist auch nicht leicht, etwas umzustecken. Bei \u201eoffenen\u201c Schreibtischen, ob nun mit oder ohne \u00dcberbau kommt man vielleicht leichter ran, aber auch da gibt\u2019s oft Kabelchaos. Es gibt schon h\u00fcbsche Clips, auch mit Etiketten drauf, um die Anschlussstecker auch richtig zuzuordnen. Auch mit einfachem Klettband ist alles sch\u00f6n thematisch sortiert geb\u00fcndelt. Aufpassen bei Steckleisten: A nicht \u00fcberfordern und so stecken, dass man die nicht benutzten Ger\u00e4te auch per Knopfdruck mit einem Mal ausschalten kann. Wer das W-Lan-Modem st\u00e4ndig braucht, zum Beispiel f\u00fcrs Handy, muss auch das einplanen. Da man selten so konsequent Ordnung auf dem Schreibtisch h\u00e4lt, muss ein Kompromiss her, stimmts? Eine Schublade drunter wird halt darin alles auf die Schnelle grob sortiert verstaut, wenn Besuch kommt und ich Ger\u00e4te ausschalten und Schrank schlie\u00dfen muss. Ich lasse den Schrank im Alltag ja offen, da ich st\u00e4ndig am PC sitze und vor allem um \u00dcberhitzung der Ger\u00e4te zu vermeiden. <\/p>\n<p>\u2022 Eine transparente Schreibunterlage, in der man also schnell Notizen drunterschieben kann, ist ebenfalls eine L\u00f6sung, wenn man aber st\u00e4ndig aussortiert, denn sonst k\u00f6nnte man sich auch mit \u201ePostit-Zettelchen\u201c zuh\u00e4ngen. Ich habe mir einige PC-Tricks und Vorlagen laminiert, damit ich schnell nachgucken kann und ja auch Motivationsspr\u00fcche d\u00fcrfen nicht fehlen. Alles an seinem Platz.<\/p>\n<p>\u2022 Prospekt- und B\u00fccherhalter sind nicht nur zum Zitieren aus B\u00fcchern n\u00fctzlich sondern auch f\u00fcr das, was sofort erledigt werden sollte. Allerdings sollte die Arbeit dann auch nicht liegen bleiben, da es sonst im Chaos endet und es wenig motiviert, wenn die Zettelei zunimmt. Dann legt man sich eben auch mal den privaten \u201eB\u00fcrotag\u201c ein, wie ich schon oben  beschrieb.<\/p>\n<p>\u2022 Sammelmappen gibt\u2019s in H\u00fclle und F\u00fclle und in den dollsten Ausf\u00fchrungen, z.B. wie ein F\u00e4cher zum H\u00e4ngen. Da sind sortiert Anlaufstellen und Vorlagen, die ich im Alltag nutze drin. Schnell ists zusammengeklappt und weg. Gerade Bastelvorlagen sind so Sachen, die sonst lose herumliegen. Schnellhefter werden schnell unansehnlich, auch wenn sie noch nicht benutzt wurden, also ab in eine durchsichtige Sammelmappe und meinetwegen auch mit Farbsystem. Rot also f\u00fcr Tabu, blau f\u00fcr Alltag. Schneller Griff schafft schnelle Info, n\u00f6ch?<\/p>\n<div id=\"wp_fb_like_button\" style=\"margin:5px 0;float:none;height:100px;\"><script src=\"http:\/\/connect.facebook.net\/en_US\/all.js#xfbml=1\"><\/script><fb:like href=\"http:\/\/strubbelmiez.de\/index.php\/ordnung-ist-das-halbe-leben-aber-es-kann-weniger-brauchen\/wohin-mit-bueromaterialien\/\" send=\"true\" layout=\"standard\" width=\"450\" show_faces=\"true\" font=\"arial\" action=\"like\" colorscheme=\"light\"><\/fb:like><\/div>","protected":false},"excerpt":{"rendered":"<p>B\u00fcro- und Schulkram: Ohje, ich erinnere mich an die Zwangsaufr\u00e4umorgien, weil der Herr Vater alles mit seinem Unterarm vom Tisch oder Regalbrettern \u201efegte\u201c. Welches System das Beste f\u00fcr Kleinkram, Ablage und Aufbewahrung ist, kommt sehr darauf an, wie gro\u00df das Chaos ist. Wer der Meinung ist, sich \u201earm rechnen\u201c zu m\u00fcssen, kauft sich nat\u00fcrlich teure &hellip; <a href=\"http:\/\/strubbelmiez.de\/index.php\/ordnung-ist-das-halbe-leben-aber-es-kann-weniger-brauchen\/wohin-mit-bueromaterialien\/\" class=\"more-link\"><span class=\"screen-reader-text\">Wohin mit B\u00fcromaterialien?<\/span> weiterlesen <span class=\"meta-nav\">&rarr;<\/span><\/a><\/p>\n","protected":false},"author":1,"featured_media":0,"parent":2954,"menu_order":8,"comment_status":"open","ping_status":"open","template":"","meta":{"jetpack_post_was_ever_published":false,"footnotes":""},"class_list":["post-3053","page","type-page","status-publish","hentry"],"jetpack_sharing_enabled":true,"jetpack_shortlink":"https:\/\/wp.me\/P2ijNL-Nf","jetpack-related-posts":[],"_links":{"self":[{"href":"http:\/\/strubbelmiez.de\/index.php\/wp-json\/wp\/v2\/pages\/3053","targetHints":{"allow":["GET"]}}],"collection":[{"href":"http:\/\/strubbelmiez.de\/index.php\/wp-json\/wp\/v2\/pages"}],"about":[{"href":"http:\/\/strubbelmiez.de\/index.php\/wp-json\/wp\/v2\/types\/page"}],"author":[{"embeddable":true,"href":"http:\/\/strubbelmiez.de\/index.php\/wp-json\/wp\/v2\/users\/1"}],"replies":[{"embeddable":true,"href":"http:\/\/strubbelmiez.de\/index.php\/wp-json\/wp\/v2\/comments?post=3053"}],"version-history":[{"count":1,"href":"http:\/\/strubbelmiez.de\/index.php\/wp-json\/wp\/v2\/pages\/3053\/revisions"}],"predecessor-version":[{"id":3054,"href":"http:\/\/strubbelmiez.de\/index.php\/wp-json\/wp\/v2\/pages\/3053\/revisions\/3054"}],"up":[{"embeddable":true,"href":"http:\/\/strubbelmiez.de\/index.php\/wp-json\/wp\/v2\/pages\/2954"}],"wp:attachment":[{"href":"http:\/\/strubbelmiez.de\/index.php\/wp-json\/wp\/v2\/media?parent=3053"}],"curies":[{"name":"wp","href":"https:\/\/api.w.org\/{rel}","templated":true}]}}