{"id":3143,"date":"2015-07-22T16:07:59","date_gmt":"2015-07-22T14:07:59","guid":{"rendered":"http:\/\/strubbelmiez.de\/?page_id=3143"},"modified":"2015-07-22T16:07:59","modified_gmt":"2015-07-22T14:07:59","slug":"sie-suchen-also-einen-social-media-managerin","status":"publish","type":"page","link":"http:\/\/strubbelmiez.de\/index.php\/hausweibchenbefindlichkeiten\/sie-suchen-also-einen-social-media-managerin\/","title":{"rendered":"Sie suchen also eine\/n Social Media Manager\/in &#8230; ?"},"content":{"rendered":"<p>Es ist mal wieder Zeit, sich an die H\u00e4lse von potenziellen Arbeitgebern zu werfen. <a href=\"http:\/\/strubbelmiez.de\/?p=186\" target=\"_blank\">Zwei<\/a> <a href=\"http:\/\/strubbelmiez.de\/?p=1069\" target=\"_blank\">Bewerbungen<\/a> und eine <a href=\"http:\/\/strubbelmiez.de\/?p=118\" target=\"_blank\">OB-Kandidatur<\/a> waren von <a href=\"http:\/\/strubbelmiez.de\/?p=1170\" target=\"_blank\">Misserfolgen <\/a>gekr\u00f6nt. Ich war zutiefst deprimiert, bis mir ein Stellengesuch unter die \u00c4uglein geriet, welches mich vom Sessel riss. Eine Zeitung (mit und ohne G\u00e4nsef\u00fc\u00dfchen zutreffend) sucht Mitarbeiter. Diese Stellenausschreibung erschien mir ma\u00dfgeschneidert wie meine Figur betonende Jogginghose. Nat\u00fcrlich lie\u00df ich es mir deshalb trotz wohl abgelaufener Bewerbungsfrist nicht nehmen, doch noch ein Briefchen zu schreiben. Schlie\u00dflich muss ich meinen Lebensstandard verbessern. Ich erhoffe mir also ein Wahnsinns-Gehalt, um mir den lebenswichtigen Schnickschnack leisten zu k\u00f6nnen. Au\u00dferdem rechne ich mir hier den ebenso wahnsinnigen Aufstieg in der beruflichen Laufbahn aus. Nun hoffe ich, dass dieser mit Hingabe geklapperte Schriebs der Rei\u00dfer wird und ich zuk\u00fcnftig als edel angepellte B\u00fcroschnalle durch die Gegend st\u00f6ckeln kann.<\/p>\n<p><em>Sehr geehrte Damen und Herren, <\/em><\/p>\n<p>Sie suchen also eine\/n Social Media Manager\/in f\u00fcr Ihre Kritikerseiten auf sogar zwei sozialen Netzwerken.<\/p>\n<p>Da ich Ihre Anforderungen hammerm\u00e4\u00dfig finde, bewerbe ich mich hiermit um diese interessante Stelle.<\/p>\n<p>Meine Grundschulausbildung habe ich mit der wohl hervorragenden Benotung \u201eachherrjee\u201c abgeschlossen. Meine Eltern schienen jedenfalls sehr stolz auf mich zu sein, denn sie falteten ihre H\u00e4nde, schauten st\u00e4ndig nach oben und beteten f\u00fcr mich damals unverst\u00e4ndliche Worte. Ich erinnere mich nur an <em>\u201edieses Kind\u2026!\u201c<\/em> Ich m\u00f6chte Sie nun nicht mit meinen privaten Dingen bel\u00e4stigen, sondern weiter an der \u00dcberzeugung kurbeln, eine Anstellung bei Ihnen zu bekommen.<\/p>\n<p>Mein technisches Verst\u00e4ndnis reicht gerade so aus, um die erstellten Artikel, Cartoons, Umfragen und sonstige redaktionelle Beitr\u00e4ge auf die richtigen Seiten zu bringen. Mit dem Brustton der \u00dcberzeugung verrate ich Ihnen, dass ich vor Abscheu strotzende Kommentare verfassen kann. Gelernt habe ich es sogar im Zuge meiner Integration im inzwischen nicht mehr neuen Wohnort. Die gute bis sehr gute deutsche Sprache in Schriftform \u00fcbe ich noch. Meinen Fremdsprachenkurs f\u00fcr \u201ehochdeutsch\u201c habe ich fast erfolgreich belegt, wie eine nicht vorhandene Teilnahmebescheinigung beweist. Die Umgangssprache beherrsche ich durch Autodidaktik in Wort und Schrift.<\/p>\n<p>In Ihrer Stellenausschreibung fordern Sie auch Humorlosigkeit und Belastbarkeit. Diese Kombination ist eine angenehme Herausforderung, der ich mich gern stelle. Sie w\u00fcnschen weiterhin die F\u00e4higkeit, t\u00e4glich neue Kommentare zu bringen, die sich voneinander unterscheiden. Als Frau kann ich sogar eins drauflegen, denn ich bin sogar imstande, st\u00e4ndig widerspr\u00fcchlich zu kommentieren. Da ich Loyalit\u00e4t aufgrund der Wortart gro\u00df schreibe, werde ich mich selbstverst\u00e4ndlich auch von den humorvollen Inhalten Ihrer Zeitung distanzieren. Meinen Wortschatz an Obsz\u2026(verzeihen Sie, irgendwer hat einen fiesen Anstands-Alarmton installiert) werde ich noch ausbauen, weil ich hoffentlich im Team arbeiten darf und jegliche Fl\u00fcche und Zankereien in mein Vokabelheft \u00fcbernehmen werde. Ich stelle mich in Bewerbungen, wie auch in diesem Anschreiben, als lernf\u00e4hig dar. Andererseits bin ich auch zu T\u00e4tigkeiten im einsamen und verstaubten B\u00fcro geeignet, denn meine Humorlosigkeit ist eine besondere pers\u00f6nliche Qualit\u00e4t, die mich mit Stolz erf\u00fcllt.<\/p>\n<p>Aus den Ihnen vorenthaltenen Unterlagen k\u00f6nnen Sie hoffentlich erkennen, dass auch mein Verschlei\u00df an Therapeuten ein doch beachtenswerter Einstellungsgrund sein sollte. Einige weitere unterschlagene <a href=\"https:\/\/dl.dropbox.com\/u\/1089823\/Blog\/urkunde_strubbel.pdf\" target=\"_blank\">Referenzen<\/a> k\u00f6nnen sie bei ehemaligen Arbeitgebern an den Keller-W\u00e4nden einsehen. Die gef\u00fchlt jahrhundertlange Aufbewahrungsfrist erm\u00f6glicht Ihnen also die Einsicht vor Ort. Die Dokumente d\u00fcrften trotz einiger Einstiche von Dartpfeilen noch erkennbar sein.<\/p>\n<p>\u00dcberzeugen Sie einfach sich selbst von meinen Wahnsinns-Qualit\u00e4ten und laden Sie mich verdammt noch mal auf ein pers\u00f6nliches Gespr\u00e4ch ein. \u00a0Zu diesem w\u00fcrde ich dann durch Sie finanzierte Taxifahrten erscheinen.<\/p>\n<p>Mit gebeteten Gr\u00fc\u00dfen<\/p>\n<p>Ihre Finger trommelnd auf Antwort lauernde <a href=\"https:\/\/dl.dropbox.com\/u\/1089823\/Blog\/uli%20als%20heulender%20zwerg_kopf.jpg\" target=\"_blank\">Bewerberin<\/a><\/p>\n<div id=\"wp_fb_like_button\" style=\"margin:5px 0;float:none;height:100px;\"><script src=\"http:\/\/connect.facebook.net\/en_US\/all.js#xfbml=1\"><\/script><fb:like href=\"http:\/\/strubbelmiez.de\/index.php\/hausweibchenbefindlichkeiten\/sie-suchen-also-einen-social-media-managerin\/\" send=\"true\" layout=\"standard\" width=\"450\" show_faces=\"true\" font=\"arial\" action=\"like\" colorscheme=\"light\"><\/fb:like><\/div>","protected":false},"excerpt":{"rendered":"<p>Es ist mal wieder Zeit, sich an die H\u00e4lse von potenziellen Arbeitgebern zu werfen. Zwei Bewerbungen und eine OB-Kandidatur waren von Misserfolgen gekr\u00f6nt. Ich war zutiefst deprimiert, bis mir ein Stellengesuch unter die \u00c4uglein geriet, welches mich vom Sessel riss. Eine Zeitung (mit und ohne G\u00e4nsef\u00fc\u00dfchen zutreffend) sucht Mitarbeiter. Diese Stellenausschreibung erschien mir ma\u00dfgeschneidert wie &hellip; <a href=\"http:\/\/strubbelmiez.de\/index.php\/hausweibchenbefindlichkeiten\/sie-suchen-also-einen-social-media-managerin\/\" class=\"more-link\"><span class=\"screen-reader-text\">Sie suchen also eine\/n Social Media Manager\/in &#8230; ?<\/span> weiterlesen <span class=\"meta-nav\">&rarr;<\/span><\/a><\/p>\n","protected":false},"author":1,"featured_media":0,"parent":2754,"menu_order":6,"comment_status":"open","ping_status":"open","template":"","meta":{"jetpack_post_was_ever_published":false,"footnotes":""},"class_list":["post-3143","page","type-page","status-publish","hentry"],"jetpack_sharing_enabled":true,"jetpack_shortlink":"https:\/\/wp.me\/P2ijNL-OH","jetpack-related-posts":[],"_links":{"self":[{"href":"http:\/\/strubbelmiez.de\/index.php\/wp-json\/wp\/v2\/pages\/3143","targetHints":{"allow":["GET"]}}],"collection":[{"href":"http:\/\/strubbelmiez.de\/index.php\/wp-json\/wp\/v2\/pages"}],"about":[{"href":"http:\/\/strubbelmiez.de\/index.php\/wp-json\/wp\/v2\/types\/page"}],"author":[{"embeddable":true,"href":"http:\/\/strubbelmiez.de\/index.php\/wp-json\/wp\/v2\/users\/1"}],"replies":[{"embeddable":true,"href":"http:\/\/strubbelmiez.de\/index.php\/wp-json\/wp\/v2\/comments?post=3143"}],"version-history":[{"count":1,"href":"http:\/\/strubbelmiez.de\/index.php\/wp-json\/wp\/v2\/pages\/3143\/revisions"}],"predecessor-version":[{"id":3144,"href":"http:\/\/strubbelmiez.de\/index.php\/wp-json\/wp\/v2\/pages\/3143\/revisions\/3144"}],"up":[{"embeddable":true,"href":"http:\/\/strubbelmiez.de\/index.php\/wp-json\/wp\/v2\/pages\/2754"}],"wp:attachment":[{"href":"http:\/\/strubbelmiez.de\/index.php\/wp-json\/wp\/v2\/media?parent=3143"}],"curies":[{"name":"wp","href":"https:\/\/api.w.org\/{rel}","templated":true}]}}